2*n = h*v - 48. What is the greatest common factor of 11 and v?
11
Let c = 39 + -37. Suppose 115 = m - 5*p, -c*p + 5*p = 15. Calculate the greatest common factor of 20 and m.
20
Let u be 0 + ((-44)/(-66) - (-14)/6). Let r(a) = a**3 - a - 9. Let y be r(0). Let n be 2*(y/(-3))/u. What is the highest common factor of 5 and n?
1
Let j be (51 + -4 + -1 - 3) + -1. Calculate the greatest common factor of 1050 and j.
42
Let k = 106 - 83. What is the highest common factor of k and 207?
23
Let q be ((-18)/(-45) - (-11)/10)*34. Calculate the highest common divisor of q and 9.
3
Let i be -3*36/8*-12. Let j = i + -108. Calculate the greatest common divisor of j and 135.
27
Let x(v) = 3*v**3 + v**2 - 3*v + 1. Let k be 3/(-7) + (-34)/(-14). Let l be x(k). Let y be 2/(-5) - (-2310)/25. Calculate the highest common factor of l and y.
23
Suppose -2*r = 3*g + 3*r + 6, -g + 2*r = -9. Let k be (-1)/((0 - g)/39). What is the highest common divisor of k and 52?
13
Let y = 6 + -2. Let b(r) = r**2 - 8*r + 15. Let s be b(6). Let m be 0*s/(-12) + 40. What is the highest common factor of m and y?
4
Suppose -9*a + 139*a - 86710 = 0. Calculate the greatest common factor of a and 23.
23
Let s(d) = 21*d + 37. Let w(u) = -10*u - 18. Let k(a) = 6*s(a) + 13*w(a). Let b be k(-6). What is the highest common factor of 132 and b?
12
Let o = -1112 + 1184. Calculate the greatest common divisor of 81 and o.
9
Let o = 3278 - 3098. Calculate the greatest common divisor of o and 80.
20
Let v be -1*(-44 + -1 - 8). Calculate the greatest common factor of 1696 and v.
53
Suppose -16*n + 1305 = -11*n + 4*u, 0 = 3*n + 4*u - 783. Calculate the greatest common divisor of n and 696.
87
Suppose -b = 6 - 26. Let g = -6760 + 6830. Calculate the highest common divisor of g and b.
10
Let k be (-5)/2*174/(-15). Let q = k + -22. What is the greatest common factor of q and 56?
7
Suppose 0 = -4*w + 5*o + 42, -3*w = -5*w - 5*o + 6. Let d(k) = -k**2 + 44*k + 29. Let a be d(43). What is the greatest common factor of w and a?
8
Let l(g) be the third derivative of 6*g**2 + 2/15*g**5 + 1/6*g**3 + 0*g + 0*g**4 + 0. Let y be l(2). Calculate the greatest common divisor of 3 and y.
3
Let s = 4 + -1. What is the highest common factor of 2 and s?
1
Let b be -12*((-6)/60)/(2/45). What is the greatest common factor of b and 81?
27
Suppose -52 - 8 = -4*s. Suppose s*b = 6*b + 216. Calculate the highest common divisor of 60 and b.
12
Let j(v) = v**2 + 4*v. Let q(r) = -4*r**3 + r**2 + r. Let x be q(-1). Let c be j(x). What is the greatest common factor of c and 8?
8
Let b(n) = -2*n + 7. Suppose 21 = -5*y + 1. Let h be b(y). Calculate the greatest common divisor of h and 5.
5
Suppose 0 = 15*i - 1023 - 3072. Calculate the greatest common divisor of i and 63.
21
Let n = 393 + -381. Calculate the highest common divisor of 76 and n.
4
Suppose -i - 2*p = 53, -i - p = 44 + 11. Let r = i + 134. Calculate the greatest common divisor of 7 and r.
7
Suppose 4*c = 0, -h + 2*c = -6*h + 180. What is the greatest common divisor of 6 and h?
6
Suppose 4*u - 249 = 51. Let o be u/10*(-72)/(-30). Calculate the greatest common divisor of 2 and o.
2
Let d be 328/(-72) - 8/18. Let h = 32 - 21. Let a = h + d. What is the highest common divisor of a and 66?
6
Let z = -7 + 139. Suppose 7*t - 6*t = z. What is the greatest common factor of t and 12?
12
Let s = -1226 - -1272. Calculate the greatest common divisor of s and 805.
23
Let u be (11 + 5)/(-4) - -9. Calculate the highest common divisor of 125 and u.
5
Let x = 11 - 22. Let j = x - -19. Let m(a) = 5*a**2 + 8*a - 48. Let g be m(4). What is the greatest common factor of g and j?
8
Let m = -89 - -114. What is the greatest common divisor of 675 and m?
25
Let r be (30/(-20))/(1*2/(-28)). Calculate the highest common factor of 12 and r.
3
Suppose 5*y = -15, -335 + 113 = -3*v + y. Let x = 121 - v. Calculate the greatest common factor of x and 12.
12
Let y(c) = -3*c. Let b be y(-1). Suppose 0 = -z + 6 + b. Let s be z/2 - 9/(-6). Calculate the greatest common factor of 54 and s.
6
Let o(y) be the third derivative of y**6/120 - y**5/15 - y**4/12 + 5*y**3/6 + 23*y**2. Let m be o(5). Calculate the highest common factor of m and 30.
10
Suppose 4*g - 180 = 3*r, -g - 128 = -4*g + 4*r. Let m = g + 40. Let i = 33 + -22. Calculate the greatest common factor of i and m.
11
Suppose 2*z = -0*z + 12. Calculate the highest common divisor of 51 and z.
3
Let a be ((-2)/6)/(2/(-6)). Let k(l) = l**3 - 14*l**2 + 55*l - 31. Let r be k(6). What is the highest common divisor of a and r?
1
Let u = 27 + -19. Suppose u*j - 32 = 7*j. What is the highest common divisor of 288 and j?
32
Suppose 7*s = -798 - 602. Let x = -30 - s. Suppose -2*a - 78 = 2*z - 278, -2*a + 4*z = -x. What is the highest common divisor of 38 and a?
19
Let l = -127 - -139. What is the greatest common factor of 156 and l?
12
Let o(h) = 2*h**3 + 12*h**2 + 16*h + 3. Let l be o(-4). Calculate the greatest common factor of 6 and l.
3
Suppose g + 9 = 3*w, -g - 4*w + 7 = -4*g. Let x = 86 - 80. What is the greatest common divisor of x and g?
3
Let u be (-16)/(-32)*8*(-26)/(-4). What is the greatest common factor of 16 and u?
2
Let o = 212 - 151. Let s = o - 53. Calculate the highest common factor of 32 and s.
8
Suppose 2*w - 2*x - 18 = -0, -15 = 3*x. Suppose w*k - 120 = k. What is the greatest common factor of k and 5?
5
Let q(i) = 120*i + 28. Let s be q(5). Calculate the greatest common factor of 4 and s.
4
Let j = -133 - -185. Calculate the greatest common divisor of j and 13.
13
Let m = -17 - -28. Suppose a - m = 13. What is the highest common factor of a and 12?
12
Suppose 2*a = -4*l + 10, 3*a - 39 + 14 = -4*l. Calculate the greatest common divisor of a and 30.
15
Let y = -179 - -119. Let i be y/(-27) - 2/9. Let n be 1396/10 + i/5. What is the highest common divisor of 14 and n?
14
Suppose -3*r = 233 - 728. What is the highest common divisor of r and 30?
15
Let p = -1620 - -1711. Let m(a) = 26*a**2 - a + 1. Let f be m(1). Calculate the highest common factor of f and p.
13
Suppose 0 = 32*o - 27*o + 30. Let x be 4 - (4 + o + 4). Suppose -4*k = q - 2, -28 = -x*q - k - k. What is the greatest common factor of q and 6?
6
Let m(k) = 3*k**2 - 2*k + 16. Let z be m(0). What is the greatest common divisor of 8 and z?
8
Let o(t) = 4*t + 1. Let f be o(11). Calculate the greatest common divisor of f and 75.
15
Let j(m) = 7*m - 174. Let f be j(32). What is the highest common divisor of f and 200?
50
Let v = -39 + 44. Suppose -a - 4*p = -7*p - 23, -v*a + 59 = -p. Let t be (-33)/(-9)*(2 - -1). What is the greatest common factor of a and t?
11
Suppose 3*w - 17*w = -812. Calculate the greatest common divisor of w and 522.
58
Let f be (-1 - 131)/(14/(-21)). What is the greatest common factor of f and 44?
22
Let p = -15 + 11. Let b(a) = a**3 + 3*a**2 - 6*a - 2. Let z be b(p). Suppose -z = -2*j, -2*j - 22 + 0 = -4*k. What is the highest common divisor of k and 56?
7
Suppose -9*o + 10*o - 2*v + 1 = 0, 3*o + 2*v - 5 = 0. Let c(t) = -t**2 + 8. Let u be c(0). Suppose -k + u = 3*k. What is the greatest common factor of k and o?
1
Let p be -5*(-28)/8 - (-4)/8. Let x = -88 - -57. Let t = x - -58. What is the highest common divisor of p and t?
9
Suppose 2*g + 64 = 5*p, -2*p = 3*g - 7*g - 32. Let i = p + -8. Let y = 27 + -3. What is the highest common divisor of y and i?
4
Let s(w) = -56*w**3 - w - 2. Let a be s(-1). Suppose -4*m - 8 = -44. Let x = m - 4. What is the highest common factor of x and a?
5
Let m be ((-21)/4)/((-3)/16). Let l be ((-24)/m)/(4/56). Let z = l + 19. What is the greatest common divisor of z and 56?
7
Let d be 10*10/(-16)*(-104)/13. Calculate the highest common divisor of 375 and d.
25
Suppose -5*j - 7*k + 251 = -3*k, 5*j - 258 = 3*k. Suppose 46*c + 40 = j*c. Calculate the highest common factor of 28 and c.
4
Suppose 0 = -h + 57 + 61. Suppose -2*p + 5*z + 55 = 0, 4*p = 6*z - 4*z + h. What is the highest common divisor of p and 6?
6
Suppose -4*l = 4, 1004 + 183 = 4*y + 5*l. Suppose 4*q + 2*z = y, 0 = 5*q - 2*q - 4*z - 196. Let f = 33 + -15. What is the highest common factor of q and f?
18
Let a = -332 + 348. What is the highest common divisor of a and 56?
8
Suppose 28 = 5*f + 2*f. Suppose 0 = -f*b - 5*p + 199, 121 = 2*b - 4*p + 41. Calculate the highest common divi